o**2 - 5*o. Let b be (-1)/(((-6)/(-8))/(-3)). Let w be c(b). What is the greatest common divisor of 108 and w?
12
Let i = 68 - 57. Suppose 0*c + i = 5*x + 3*c, 3 = -c. Suppose 5*d - 48 = 4*n, -2*d - 15 = -3*d - n. Calculate the highest common divisor of x and d.
4
Suppose 124 + 161 = 5*i. What is the highest common divisor of i and 38?
19
Suppose -7 = 2*g + 3*h, -23 + 21 = 4*g + 2*h. What is the highest common factor of g and 263?
1
Let h be 163/5 - 16/(-40). Let c = -24 + h. What is the highest common divisor of c and 6?
3
Suppose -4*z - 95 = -35. Let g = z + 78. Let r be 3/2*(14 - 0). Calculate the highest common divisor of r and g.
21
Let u be (8 + -1 - 1)/((-4)/16). Let g be 8/u + 595/3. What is the greatest common divisor of g and 22?
22
Let n = 662 + -246. Calculate the highest common factor of n and 13.
13
Let a be 4/(-28) - 982/(-14). Suppose 0 = -5*n - 0*p + 2*p + 440, a = n - 4*p. Calculate the greatest common divisor of n and 10.
10
Suppose -25 = -x - 7. Let b be x/((-13)/(-6) - (-26)/(-39)). What is the highest common factor of 132 and b?
12
Let v be (-10)/3*(-6)/4. Suppose -4*w - 4 = -6*w + 2*n, 0 = v*n - 10. What is the greatest common factor of 4 and w?
4
Let d(h) = 6*h + 162. Let c be d(-22). What is the highest common factor of 210 and c?
30
Let f be -3 + ((-16)/(-4) - 1). Suppose -4*x + x + 903 = f. Suppose 37 = -3*w + x. Calculate the greatest common factor of w and 11.
11
Let b = -48 + 93. Suppose 15 = 3*m - 2*m + 4*y, 2*m - 5*y = 30. What is the highest common divisor of b and m?
15
Let f = 29 + 37. Let y be 2/(-5) - 387/45. Let a be (-80)/(-15) - 6/y. What is the greatest common factor of a and f?
6
Suppose 0*t + 3 = -t, -2*t = -3*c + 81. Let o = c + 10. What is the highest common divisor of o and 7?
7
Suppose -90 = 3*v - 4*r - 304, 20 = 4*r. What is the highest common factor of v and 325?
13
Let v = -18 - -53. Suppose -q = 2*q. Suppose 4*g - 25 = -3*r, q = 3*g + 4 - 7. Calculate the greatest common divisor of r and v.
7
Let m be 12/(3/(-1) + 2). Let t = -2 - m. Suppose 3*s + 5*w - 40 = -0*s, 3*w = 6. Calculate the highest common factor of t and s.
10
Let k(f) = 766*f**2 + 4*f + 4. Let g be k(-1). Let z = -370 + g. What is the highest common divisor of 36 and z?
36
Let h = -439 - -890. Calculate the highest common factor of 123 and h.
41
Let k = 528 + -507. What is the greatest common divisor of 14 and k?
7
Let y = -34 + 50. Suppose 5*i - c - 796 = 0, -4*i + i - 5*c = -500. What is the greatest common divisor of y and i?
16
Suppose 6*p = 3*p + 234. Suppose 0 = -n - n - 4*d - 100, -2*n = -d + 85. Let h = 70 + n. What is the greatest common factor of h and p?
26
Let r(p) = p**3 - 8*p**2 + p - 9. Let l be r(7). Let d = 93 + l. What is the greatest common factor of 42 and d?
42
Let i(w) be the third derivative of -w**6/8 + 5*w**4/24 + 7*w**3/6 + 23*w**2. Let v be i(-2). What is the highest common factor of v and 13?
13
Let i(x) = 9*x + 99. Let r be i(-6). Calculate the highest common divisor of 45 and r.
45
Suppose 0 = -619*c + 608*c + 77. Let g = 9 - 2. What is the greatest common factor of c and g?
7
Let t = -44 - -50. What is the greatest common divisor of 10 and t?
2
Let r(s) = -10*s + 78. Let f be r(-5). Suppose 0 = -0*t - 3*t + 6. Let g be 14 + 4 - 1*t. Calculate the highest common divisor of f and g.
16
Let b = -301 - -373. Calculate the greatest common factor of 96 and b.
24
Suppose 18*q = 263 + 1051. Calculate the greatest common factor of q and 1.
1
Let j = -368 - -384. Suppose 0 = -f - 2*x + 6*x + 36, -x - 3 = 0. Calculate the greatest common factor of f and j.
8
Suppose -c + 2*l + 48 = c, 4*l = 3*c - 73. Suppose -3 + c = -4*w. Let j be (-2 - (w + 2)) + 17. What is the highest common factor of 18 and j?
18
Let i(t) = -18*t - 6. Suppose 0 = -5*g - 20. Let r be i(g). Let v(m) = 7*m**3 - m**2 + 27*m + 6. Let o be v(0). What is the highest common factor of r and o?
6
Let v be (44/(-6) + 3)/((-8)/288). Calculate the greatest common factor of v and 195.
39
Let d(h) = 95*h + 4. Let x be ((-5)/40)/(1/(-8)). Let r be d(x). What is the greatest common divisor of 11 and r?
11
Let o be -1 - -4 - (-2)/(3 - 5). Let g be -4 + 5 + o - -53. Calculate the greatest common divisor of 28 and g.
28
Suppose -w - 112 = -3*o, 2*o - 5 = -5*w + 81. Suppose -8*a + 43 = 2*c - 7*a, 53 = 2*c + 3*a. Calculate the highest common factor of o and c.
19
Suppose -16*x + 1585 + 559 = 0. Let j be x + -2 + (-9)/(-3). What is the highest common factor of 15 and j?
15
Let u = -37 - -39. Calculate the greatest common divisor of 32 and u.
2
Suppose 0*g = g - 4. Suppose y + 20 = -4*d + 94, -g*y + 11 = d. Let j = -1 + 96. What is the greatest common divisor of j and d?
19
Suppose -u - 5 = 2*d, -14 = 4*d + u - 5. Let t be d + 15/(10/4 - 2). Calculate the greatest common divisor of t and 4.
4
Let o be 77 + (1 - (-4 - -7)). Let r = o + -19. Suppose -2*b = b - 42. What is the highest common factor of b and r?
14
Let c = -1454 - -1864. What is the greatest common factor of c and 369?
41
Let c be (-82)/7 + (-4)/14. Let w = c - -15. Suppose 112 = -w*b + 10*b. What is the greatest common factor of b and 144?
16
Let p = 46 - 27. Suppose -4*y - 5*j + p = -y, 0 = -2*y + 3*j + 19. What is the greatest common divisor of 24 and y?
8
Suppose -3*f = -14*x + 11*x - 648, -3*x + 1072 = 5*f. What is the greatest common divisor of f and 473?
43
Suppose -4*a + 65 = s, s = 5*a + 6*s - 100. Suppose -a = 3*y, -5*x + 155 = -y - 2*y. Suppose 0 = -5*z + x + 42. What is the highest common divisor of 98 and z?
14
Suppose 5*m = -12*m + 374. What is the highest common factor of m and 88?
22
Let p(n) = 190*n**3 - 3*n**2 - n + 1. Let f be p(-1). Let w = -116 - f. Suppose -3*b - 17 = -62. Calculate the highest common factor of w and b.
15
Let p(w) = 4*w**2 + w + 6. Let m be p(2). Let l = -6 - -9. Suppose l*d = -3*b + 39, -3 = -0*b - 3*b. What is the greatest common factor of d and m?
12
Let t(s) be the third derivative of s**5/10 + s**4/8 + 11*s**3/3 - 9*s**2 + 1. Let z be t(-6). Calculate the highest common divisor of 20 and z.
20
Let v be (-1 + -8)/(30/(-420)). Calculate the highest common factor of v and 35.
7
Let d = -89 + 97. Suppose 6*h - d*h = -2. What is the highest common factor of h and 11?
1
Suppose -3*s - 4*a + 60 = 0, 6*s - 10*s = 4*a - 80. What is the highest common divisor of s and 25?
5
Suppose 6*v = 1 - 55. Let k(h) = -2*h - 17. Let b be k(v). Calculate the greatest common factor of 1 and b.
1
Suppose 3*n + 9 = 18. Suppose -4*b + n*i = -768, 0 = -10*b + 5*b - 3*i + 933. Calculate the highest common divisor of 21 and b.
21
Let y be (39 - 6) + -39 + 47. Suppose -k + 35 = 3*l, -5*k = 4*l - 274 + 77. What is the greatest common divisor of y and k?
41
Let s = -21 - -11. Let w = s - -20. What is the greatest common factor of 80 and w?
10
Let q(h) = h**2 + 3*h - 4. Let v be q(-5). Suppose -88 = -v*r + 5*r. Calculate the highest common factor of r and 22.
22
Suppose -3*u + 52 + 92 = 0. Suppose 4*o = 2*o + u. What is the highest common factor of 12 and o?
12
Let r(h) = h**3 + 6*h**2 + 2*h - 6. Let a be r(-5). Suppose 3*l - 147 = 12*x - 16*x, 0 = 4*l - 3*x - 171. What is the highest common divisor of a and l?
9
Let y be 12/(-30) - (6688/(-20) + -7). Calculate the highest common factor of 62 and y.
31
Let c = 330 - 324. What is the greatest common divisor of c and 219?
3
Suppose 5*g - 197 - 19 = -f, 5*f = g + 1080. What is the greatest common factor of f and 54?
54
Let k = -857 + 1689. What is the highest common divisor of k and 26?
26
Suppose 52 = 2*z - 8. Let w = 49 - z. Let q(j) = 153*j**2 + j. Let s be q(-1). Calculate the highest common factor of w and s.
19
Let z(s) = -s**2 - 8*s + 2. Let i be z(-6). Let f = 29 - 21. Suppose f*d = 15*d - 14. What is the greatest common factor of d and i?
2
Let t(s) = 494*s - 209. Let u be t(4). What is the greatest common divisor of u and 57?
57
Suppose 87 = 5*l + 4*s - 96, -4*l + 2*s = -162. Suppose -c - 5*t - l = -3*c, -3*c - 4*t + 116 = 0. What is the highest common divisor of 160 and c?
32
Let g(q) = q**3 + 11*q**2 - q - 2. Let w be g(-11). Calculate the greatest common divisor of 12 and w.
3
Let h = -22 - -43. Let p be (-867)/h + (-2)/(-7). Let k be (p + -2 - 2)*-3. What is the highest common divisor of 15 and k?
15
Let w = -1147 - -1384. 